3 and 2642562.
23
What is the highest common factor of 1664 and 9983168?
832
Calculate the highest common factor of 1215076 and 2390.
478
What is the greatest common factor of 648 and 29212704?
216
Calculate the greatest common divisor of 2655228 and 6.
6
What is the greatest common divisor of 31995 and 7452?
81
What is the highest common factor of 2200 and 6149880?
440
Calculate the greatest common divisor of 90707684 and 6948.
772
What is the greatest common factor of 237991824 and 224?
112
What is the highest common factor of 384974575 and 1150?
575
What is the greatest common factor of 3913 and 1039504102?
3913
What is the highest common divisor of 55 and 380479?
11
What is the highest common factor of 72815600 and 30800?
4400
What is the highest common divisor of 166830144 and 832?
832
What is the greatest common factor of 148 and 3492504?
148
What is the greatest common divisor of 5940 and 277736580?
5940
Calculate the greatest common divisor of 31605 and 57495.
15
Calculate the highest common factor of 998 and 1126930123.
499
Calculate the highest common divisor of 308037 and 39.
3
What is the highest common divisor of 1067 and 262009?
11
What is the greatest common divisor of 9219138 and 1552386?
3282
Calculate the greatest common factor of 9904 and 240137336.
4952
Calculate the highest common divisor of 17513 and 168573.
83
What is the highest common divisor of 3869 and 512971?
73
Calculate the greatest common divisor of 69795 and 16464.
3
Calculate the highest common divisor of 23767478 and 14.
14
What is the greatest common divisor of 207700 and 510674?
134
What is the greatest common divisor of 310349662 and 43?
43
Calculate the greatest common divisor of 1808716 and 346164.
364
Calculate the greatest common divisor of 2815752 and 48.
24
Calculate the greatest common divisor of 1008200 and 199865.
355
Calculate the highest common divisor of 22141 and 23099.
1
What is the greatest common factor of 22341536 and 5984?
544
What is the greatest common divisor of 420 and 31548930?
210
Calculate the greatest common divisor of 87333 and 1204383.
2031
Calculate the highest common factor of 128918882 and 5646.
1882
What is the highest common factor of 43 and 42106?
1
What is the highest common factor of 34377536 and 21964?
1292
Calculate the highest common factor of 496913120 and 33.
11
Calculate the greatest common divisor of 11555274 and 306.
102
Calculate the greatest common factor of 666870638 and 2324.
1162
Calculate the highest common factor of 3880 and 5628910.
970
Calculate the greatest common factor of 278744037 and 3171.
453
What is the highest common factor of 22 and 33758021?
11
What is the highest common divisor of 319 and 497365?
11
Calculate the highest common divisor of 5937 and 219.
3
Calculate the greatest common factor of 2028 and 886860.
156
Calculate the highest common divisor of 3996 and 8013276.
108
Calculate the greatest common factor of 22547 and 108584.
7
Calculate the highest common factor of 149831463 and 3441.
3441
Calculate the greatest common factor of 118910 and 129052.
22
What is the greatest common divisor of 689 and 593344063?
689
Calculate the greatest common divisor of 4638912 and 72.
24
What is the greatest common factor of 4520 and 316061?
113
Calculate the highest common factor of 18 and 57889656.
18
Calculate the greatest common divisor of 4869355 and 3925.
785
Calculate the greatest common factor of 31938277 and 21.
7
What is the highest common factor of 1426935237 and 413?
413
What is the highest common divisor of 37 and 114933618?
37
Calculate the highest common factor of 120 and 204043200.
120
Calculate the highest common divisor of 14200128 and 142848.
576
Calculate the highest common divisor of 18127268 and 1112.
556
What is the highest common factor of 94928 and 3592257?
349
What is the greatest common factor of 150273 and 75933?
531
Calculate the highest common factor of 31201573 and 842.
421
Calculate the greatest common divisor of 5162929 and 632243.
2333
What is the greatest common factor of 4750 and 28672900?
950
What is the highest common divisor of 1095098 and 26051?
239
Calculate the highest common divisor of 18444420 and 3096.
1548
Calculate the highest common factor of 345 and 11520.
15
Calculate the highest common factor of 20 and 64849735.
5
Calculate the highest common factor of 11926400 and 12800.
3200
Calculate the highest common divisor of 518201 and 2566181.
3103
What is the greatest common factor of 1903099 and 35717?
187
What is the greatest common factor of 30797910 and 910?
130
What is the highest common factor of 1226940 and 224796?
1716
What is the highest common divisor of 9 and 23939313?
3
Calculate the highest common factor of 24584 and 2380.
28
What is the greatest common factor of 15930 and 4124100?
1770
Calculate the highest common factor of 5807749 and 64904.
1159
What is the greatest common divisor of 862113 and 6741?
21
Calculate the greatest common divisor of 32 and 11599872.
32
What is the greatest common divisor of 4950958 and 5455?
1091
What is the highest common factor of 1 and 7979718?
1
Calculate the greatest common factor of 6925824 and 27378.
162
What is the greatest common factor of 48891425 and 517?
11
What is the greatest common divisor of 416 and 275509?
13
Calculate the highest common divisor of 76 and 16031003.
19
What is the highest common divisor of 3113 and 18411131?
283
Calculate the greatest common divisor of 7804130 and 3197.
23
Calculate the greatest common divisor of 1135193 and 2717.
19
Calculate the greatest common divisor of 804 and 294665330.
134
Calculate the greatest common divisor of 2541 and 90237.
21
Calculate the highest common divisor of 343676760 and 40.
40
What is the highest common divisor of 1867174 and 15964?
614
Calculate the greatest common factor of 200 and 121186280.
40
What is the greatest common divisor of 6037498 and 5611?
31
What is the highest common divisor of 228580792 and 304?
152
Calculate the highest common factor of 12 and 788967252.
12
What is the highest common factor of 2198870 and 1006354?
2698
What is the greatest common divisor of 5157 and 158274?
27
Calculate the highest common divisor of 3151476 and 146.
2
What is the highest common divisor of 7821639 and 144?
9
What is the greatest common factor of 951368 and 3960?
88
Calculate the highest common divisor of 7189 and 219401.
91
Calculate the highest common divisor of 61 and 38434758.
61
Calculate the greatest common factor of 113706288 and 36.
36
Calculate the highest common divisor of 11508 and 52463739.
411
What is the greatest common divisor of 7533 and 9108234?
837
Calculate the greatest common factor of 2289517416 and 72.
72
What is the greatest common factor of 755205 and 4125?
165
Calculate the greatest common divisor of 154303 and 919.
1
What is the greatest common divisor of 9067081 and 53?
53
What is the greatest common factor of 7760961 and 468?
117
What is the highest common divisor of 6527078 and 46?
46
What is the greatest common divisor of 346658236 and 452?
452
What is the highest common factor of 3128 and 2069444?
68
What is the greatest common factor of 1268414 and 33614?
686
Calculate the greatest common factor of 5913 and 8122637.
73
What is the highest common factor of 10777894 and 393?
131
Calculate the greatest common factor of 48 and 105334932.
12
What is the highest common divisor of 1037704 and 8360?
152
Calculate the highest common divisor of 142264 and 6184.
8
What is the greatest common divisor of 90389 and 268073?
221
What is the greatest common divisor of 692 and 6833900?
4
What is the highest common factor of 25816 and 4398184?
56
What is the greatest common divisor of 11681536 and 368?
16
What is the greatest common divisor of 3225 and 726055?
215
Calculate the highest common factor of 11 and 23637559.
11
Calculate the highest common divisor of 10127390 and 910.
910
What is the highest common factor of 473120 and 220?
20
What is the highest common factor of 20271914 and 234?
26
Calculate the highest common divisor of 81546363 and 846.
423
What is the greatest common factor of 2071 and 309567?
19
Calculate the greatest common divisor of 89598 and 65760.
822
What is the highest common factor of 24687 and 2523456?
117